n base 6?
32321422
-204224422 (base 5) to base 12
-350b86
What is -454350 (base 6) in base 11?
-26a99
What is a27a97 (base 13) in base 12?
1327839
What is 100101000010101001010011 (base 2) in base 14?
140a991
Convert 73a92 (base 12) to base 8.
450516
59707 (base 12) to base 10
120247
Convert -65232133 (base 7) to base 12.
-1a48007
-b21146 (base 12) to base 7
-32430363
What is cb92c (base 13) in base 8?
1317512
14524401 (base 6) to base 12
206701
What is -3057 (base 10) in base 14?
-1185
What is -1002120122020212 (base 3) in base 6?
-1320531552
-22120220101 (base 3) to base 13
-5bc45
Convert -a4880 (base 11) to base 2.
-100101010011010110
1c274 (base 15) to base 4
112120210
6898 (base 12) to base 16
2d74
Convert 96143 (base 11) to base 3.
21002221100
What is -111020212000112 (base 3) in base 16?
-6b7a1c
1122122022 (base 3) to base 13
11a74
What is -441200 (base 5) in base 2?
-11101101000111
Convert 292a9 (base 13) to base 6.
1354112
Convert -120100111220 (base 3) to base 7.
-2365665
1314232302 (base 5) to base 14
613269
What is 6580514 (base 11) in base 8?
54043161
-51053441 (base 6) to base 10
-1453633
Convert -314013120 (base 5) to base 10.
-1313535
What is 1654771 (base 9) in base 2?
11100001000111100111
-825909 (base 10) to base 8
-3115065
Convert 2408802 (base 10) to base 13.
664536
a5f3 (base 16) to base 7
234600
Convert 30554323 (base 6) to base 4.
3120112023
What is 42202330 (base 5) in base 7?
2656254
Convert -d618 (base 16) to base 3.
-2210011221
Convert 20313303022 (base 4) to base 2.
1000110111110011001010
What is 201101201211 (base 3) in base 6?
12103334
-34319 (base 16) to base 5
-23320120
-7537027 (base 8) to base 6
-111103303
What is -24135c (base 16) in base 13?
-64a187
Convert -176a046 (base 12) to base 16.
-4a4db6
-2c781 (base 13) to base 16
-14b26
-222761 (base 9) to base 14
-36816
Convert -11010010101 (base 3) to base 15.
-1900a
-101111100011100110 (base 2) to base 10
-194790
1002021000122 (base 3) to base 9
1067018
What is 61a15d (base 15) in base 10?
4640938
What is 735925 (base 10) in base 13?
1c9c78
Convert -112011000102110 (base 3) to base 7.
-120624624
What is -201100003033 (base 4) in base 2?
-100001010000000011001111
101100100011110 (base 2) to base 14
8458
11a9989 (base 15) to base 10
12688779
-20130210302 (base 4) to base 3
-11011111022012
Convert -433044113 (base 5) to base 14.
-361051
Convert -111110221212 (base 3) to base 7.
-2153354
-26063725 (base 9) to base 10
-12796727
What is -108270 (base 13) in base 16?
-5f0b2
Convert 10111101110001011011 (base 2) to base 10.
777307
-1305557 (base 8) to base 3
-200110110100
What is 125141253 (base 6) in base 2?
1001011110111100100001
Convert -130004 (base 14) to base 3.
-1020011212000
4964e (base 16) to base 4
1021121032
1302055 (base 6) to base 3
10120122022
Convert 3576722 (base 8) to base 4.
3233313102
What is -130223 (base 5) in base 7?
-20522
Convert 1000010100101000 (base 2) to base 13.
12692
What is -111111000001101111010 (base 2) in base 9?
-3787018
Convert -5412563 (base 8) to base 10.
-1447283
What is 14b0fb (base 16) in base 8?
5130373
16546012 (base 7) to base 3
10001120021111
What is -6325724 (base 8) in base 9?
-3143720
What is -35304a1 (base 12) in base 14?
-1512c77
Convert 10011001000101111010101 (base 2) to base 7.
60432314
What is -55122 (base 11) in base 12?
-3a371
What is -3121201301 (base 5) in base 9?
-13077004
-627516 (base 8) to base 2
-110010111101001110
Convert -3631050 (base 10) to base 7.
-42602103
Convert -30c3d (base 15) to base 16.
-25c09
Convert 10002012212121 (base 3) to base 8.
6177123
Convert -145269 (base 12) to base 4.
-1103030301
What is 1110001001001010 (base 2) in base 8?
161112
What is 2e015 (base 16) in base 12?
91071
What is -5c395 (base 14) in base 6?
-4501011
What is 2423430322 (base 5) in base 15?
774c92
-12634651 (base 7) to base 11
-728a83
1212101022202 (base 3) to base 8
3620674
Convert -1d60d5 (base 14) to base 12.
-429a77
Convert -3463164 (base 7) to base 4.
-1222113321
Convert 1011100111001 (base 2) to base 11.
4515
What is 3217044 (base 11) in base 8?
25460167
Convert -5966122 (base 10) to base 12.
-1bb874a
Convert 1367706 (base 8) to base 11.
246343
5431602 (base 7) to base 15
d1810
-200010210201122 (base 3) to base 2
-100100110001101101111010
2364006 (base 7) to base 10
301503
213444423 (base 5) to base 15
133228
Convert -5405322 (base 8) to base 12.
-597b82
-112212011031 (base 4) to base 9
-12127026
Convert -b896d (base 14) to base 6.
-13322341
2320540 (base 9) to base 3
2100200121100
What is 16a0405 (base 12) in base 11?
2711394
110000001000010010010 (base 2) to base 3
2222010101100
What is -1113331230 (base 4) in base 2?
-1010111111101101100
-7a3a3 (base 13) to base 6
-4434133
-133205 (base 8) to base 7
-253140
What is -214050 (base 6) in base 7?
-102504
Convert -3121222103 (base 4) to base 16.
-d9a93
Convert 120031501 (base 6) to base 2.
1000100011110010111101
Convert 142378 (base 9) to base 16.
15419
What is -45a5 (base 11) in base 3?
-22021212
Convert -10887 (base 13) to base 6.
-351000
Convert -49699 (base 12) to base 6.
-2044313
Convert -680136 (base 9) to base 8.
-1432560
Convert -2330403042 (base 5) to base 15.
-702d67
Convert 472600 (base 8) to base 10.
161152
27614 (base 8) to base 15
3917
Convert 7424d (base 14) to base 8.
1043435
Convert 41476 (base 8) to base 11.
11a2a
What is -372130 (base 9) in base 2?
-110110110110000000
-100000000011110011101000 (base 2) to base 12
-2993660
What is -6b36b (base 12) in base 11?
-99164
Convert 626587 (base 9) to base 14.
99950
-268c2 (base 14) to base 6
-2011550
What is fa3a (base 16) in base 3?
10020212112
What is -23200131120 (base 4) in base 2?
-1011100000011101011000
What is -21880a2 (base 11) in base 8?
-16474375
-798c4 (base 13) to base 11
-141222
What is -cb50 (base 16) in base 10?
-52048
14601313 (base 7) to base 4
11110230121
Convert 138da6 (base 14) to base 12.
288246
Convert -171066 (base 12) to base 3.
-202002220220
Convert -12121012011211 (base 3) to base 16.
-2d68a4
56a075 (base 14) to base 4
23033201113
9f3d (base 16) to base 5
2301030
Convert 154571 (base 11) to base 8.
725207
What is 34852 (base 13) in base 4?
113122102
What is -10100010001011100 (base 2) in base 4?
-110101130
11010100100000000 (base 2) to base 13
3a6a3
-110200200 (base 3) to base 6
-110500
Convert 433 (base 15) to base 8.
1664
What is 57d42 (base 14) in base 12?
a3946
Convert 120222321001 (base 4) to base 8.
30527101
Convert -21333003 (base 7) to base 4.
-12331022133
What is 83338 (base 9) in base 15?
11438
What is 98 (base 14) in base 16?
86
Convert -102022001002 (base 3) to base 6.
-4433302
Convert -1555576 (base 11) to base 14.
-4d25da
250a4 (base 14) to base 12
445a0
Convert -24754828 (base 9) to base 13.
-26914ac
What is 33254002 (base 7) in base 3?
12101211200101
What is 2201021221221 (base 3) in base 13?
3b6860
Convert -496113 (base 16) to base 3.
-100001022200100
Convert 1541738 (base 9) to base 13.
23baa5
What is 3c8c2 (base 15) in base 14?
50b89
167583 (base 10) to base 7
1265403
What is -1434352 (base 8) in base 10?
-407786
What is 2db27e (base 15) in base 3?
11011111211002
What is -301ac (base 13) in base 11?
-59677
-6690388 (base 12) to base 9
-40776655
Convert 120301121 (base 5) to base 14.
106ab9
a895 (base 16) to base 2
1010100010010101
What is -36457 (base 13) in base 14?
-28433
What is 110101100001000101 (base 2) in base 16?
35845
1183117 (base 9) to base 12
2714ba
What is 446 (base 9) in base 6?
1410
What is 532b1 (base 12) in base 9?
175817
Convert -22321403 (base 5) to base 3.
-101002002102
Convert 103111230 (base 5) to base 16.
6bc60
Convert -110000100000011001001 (base 2) to base 6.
-54022321
Convert 1000101010011000010010 (base 2) to base 3.
11021100212102
10011010110010001110 (base 2) to base 15
c7cb8
Convert -11101010001110001 (base 2) to base 3.
-20002111112
What is 3134327 (base 8) in base 9?
1510620
What is -302323 (base 4) in base 9?
-4421
Convert 12055172 (base 8) to base 9.
4870636
-60596 (base 11) to base 13
-31400
Convert 22144303 (base 5) to base 16.
2f4a7
101011321 (base 5) to base 15
80941
What is -271c9 (base 14) in base 15?
-1d878
What is -448281 (base 11) in base 12?
-2a506b
Convert 2003421443 (base 5) to base 6.
221010151
What is 1011020